is b(n)?
-4
Let a(o) be the first derivative of 225 - 24*o - 1/2*o**2. Calculate a(-26).
2
Let o(m) = 90*m**2 + 15. Let f(n) = -139*n**2 - 2 + 245*n**2 - 119*n**2. Let x(p) = -15*f(p) - 2*o(p). Determine x(-1).
15
Let b(h) = -h**2 - 7*h - 9. Suppose 0 = k + 2 - 4, 3*k = r. Let o(u) = -u**3 + 8*u**2 - 11*u - 10. Let m be o(r). Determine b(m).
3
Let c be (-4)/(-2) + (-31 - -33). Let r(p) be the third derivative of p**4/8 - p**3/2 - 7*p**2. Determine r(c).
9
Let f(b) = b**2 + b + 5. Let v(q) = 2*q**2 + 4*q + 5. Let x(c) = 4*f(c) - 3*v(c). Suppose 5*k - 5*l + 15 = 0, -3 = 4*k + l + 24. What is x(k)?
-19
Suppose 0 = -132*c + 156 - 288. Let f(h) = 22*h**3 - 1. What is f(c)?
-23
Let f(l) be the first derivative of -l**4/4 + 5*l**3 + l**2/2 - 17*l + 2304. Give f(15).
-2
Let b(r) = r**3 + 14*r**2 - 17*r - 20. Let q(y) = 39*y + 297. Let u be q(-8). What is b(u)?
10
Let w = -1 + 1. Let r(k) be the third derivative of -k**4/24 - 13*k**3/6 + k**2 - 2*k + 1105. Give r(w).
-13
Let m(x) = -36*x**2 - 6*x - 4. Let k(b) = 48*b**2 + 6*b + 5. Let h(f) = -4*k(f) - 5*m(f). What is h(2)?
-36
Let x be ((-3)/(-6))/((-9)/(-234)) - 1. Let i(v) = -v**3 + 17*v**2 - 12*v. Let n(m) = -m**3 + 18*m**2 - 14*m - 2. Let d(p) = 6*i(p) - 5*n(p). Determine d(x).
-14
Let k be ((-68)/17)/(-5 - -3). Let f(w) = 4*w + w**2 - k*w + 16 - 24 + 10. Determine f(-3).
5
Let f(g) = -1. Let j(l) = l**2 - 4*l + 5. Let x(y) = -2*f(y) - j(y). Suppose -8 = 3*o - 2*h - 6, 5*o = h + 6. What is x(o)?
1
Let z(f) = f - 1. Let u be z(3). Let q(g) = 0*g**3 - 3*g**u - 3*g + 6*g - g**3 + 4 + 0*g. Suppose 19097*a = 19096*a - 4. What is q(a)?
8
Let g(l) = 21*l**3 - 6*l**2 + 7. Let z(k) be the first derivative of -43*k**4/4 + 13*k**3/3 - 15*k + 33. Let a(p) = 13*g(p) + 6*z(p). Determine a(1).
16
Let h = -13536 - -13540. Let s(y) be the first derivative of -4*y + 1/2*y**2 + 1/4*y**4 + 3 - 4/3*y**3. What is s(h)?
0
Let n = -27711 + 27713. Let b(l) = -14*l**2 - 6*l + 14. Calculate b(n).
-54
Let q(v) = 4*v**3 + 14*v**2 + 16*v + 3. Let u(d) = 5*d**3 + 15*d**2 + 17*d + 4. Let z(p) = 6*q(p) - 5*u(p). Let l = 9080 + -9070. Calculate z(l).
8
Suppose 0 = -3*q + 3*l + 12, q - 2*l - 3*l - 8 = 0. Let z(n) be the second derivative of -n**4/12 - n**3/3 - n**2/2 + 8283*n. What is z(q)?
-16
Let c(o) = 5*o**2 - 6*o + 135. Let p(t) = 2*t**2 - 3*t + 68. Let j(v) = -c(v) + 2*p(v). Let z be (6/3 + -2)*1. Give j(z).
1
Let r = -110 + 117. Let q(z) be the first derivative of -z**3/3 + 3*z**2/2 + 97. Give q(r).
-28
Suppose 3*d = 3*k + d - 4, 0 = -k + 5*d - 3. Let t(q) = 165 - 2*q**2 + 2*q + q**3 - 166 + 0*q**2 + q**3. What is t(k)?
11
Suppose -3*z - 3*u = 27, -2*z + 5*u = 11*u + 42. Let p(b) = 6*b - 38. What is p(z)?
-56
Let n(s) = 13*s - 21. Suppose -41 = 122*g - 285. Calculate n(g).
5
Let i be (2/(-4))/((-6)/(-24)). Suppose -3*r + 4*r - p = -11, -4*r - 4 = 4*p. Let w be (i/r)/(6/54). Let v(f) = -3*f**2 + 3*f - 2. Calculate v(w).
-20
Let u(t) = t**3 - 9*t**2 + 13*t + 12. Let a be u(7). Let w(q) = -110 - q + 213 + a*q**2 - 102. Determine w(-2).
23
Suppose -392*c + 1035*c = 0. Let a(k) be the third derivative of k**6/120 + k**5/60 - k**4/24 + 2*k**3/3 + 2*k**2. What is a(c)?
4
Let v(z) = 30*z + 31. Let p(q) = -13*q - 14. Let o(m) = -9*p(m) - 4*v(m). Give o(10).
-28
Let j be (182/63)/(2/9). Suppose i + 0 = 6. Let t = j - i. Let q(a) = -a + 7. Give q(t).
0
Let g(o) = 14 + 6 + 9*o + 2*o + o**2. Suppose 95*x + 360 = -305. Determine g(x).
-8
Let h(z) = 16*z**2 + 32*z - 41. Let l(x) = -3*x**2 - 7*x + 9. Let c(i) = 2*h(i) + 11*l(i). What is c(-14)?
3
Suppose -2 = -4*h + 2. Suppose h = -2*m + 11. Let g(n) = 65*n - 236. Let u(o) = -281*o + 1021. Let s(c) = 13*g(c) + 3*u(c). Calculate s(m).
5
Let q(s) = 16*s + 12. Let o = 534 + -540. Let r(f) = -14*f - 11. Let t(k) = o*q(k) - 7*r(k). What is t(6)?
17
Suppose 0 = 2*w + 3*k - 2, -3*w - 7*k + 2*k + 4 = 0. Let y(o) = 897*o**2 - o**3 + 1 + 909*o**2 + 894*o**2 + 3*o - 2700*o**2. Give y(w).
3
Let x = -70 - -67. Let w be ((-2)/(-1))/(22/33). Let f(t) = t**3 + 2*t**w - 9*t**3 - 2 + t - 4*t**2 + 5*t**3. What is f(x)?
-14
Let f(b) be the first derivative of -2 - 3/2*b**2 - 11*b. Suppose -99*l - 106 - 272 - 414 = 0. What is f(l)?
13
Let k(v) = 29*v + 6. Let m(c) = -35*c - 8. Let d(y) = 5*k(y) + 4*m(y). What is d(-4)?
-22
Let r(o) = o**3 + 23*o**2 - 27*o - 21. Let v be (-6578)/275 - (-6)/40*168/(-315). What is r(v)?
51
Let m(a) = 9*a**3 + 6*a**2 - 10*a - 40. Let h(z) = -z**2 + 2*z + 8. Let c(b) = -5*h(b) - m(b). Let g be 0 + 1 - (4 - 2). Calculate c(g).
8
Let o = -106 + 110. Let w(h) = o + 3*h + 2 - 8*h + 4*h. Let k(c) = -c**3 - 8*c**2 - 7*c + 5. Let r be k(-7). What is w(r)?
1
Suppose -3*q + 13*o = 10*o, 2*q = -o + 15. Let l(w) be the third derivative of 5*w**4/24 - 5*w**2. What is l(q)?
25
Let o(f) be the first derivative of -2*f**2 - 151*f + 4423. What is o(-39)?
5
Let y(z) be the first derivative of -5*z**2/2 + 62*z - 1809. Give y(13).
-3
Let x = -27546 - -27547. Let h(o) = 94*o + 3. Determine h(x).
97
Let a(b) = b**3 - 9*b**2 - 10*b. Suppose 0 = 4*d + 5*w - 277, -2*d + 3*w + 101 = -2*w. Suppose -44*k - 190 = -d*k. Calculate a(k).
0
Let p(r) be the first derivative of r**4/4 + 4*r**3/3 + 5*r**2/2 + 4*r + 7073. Let o = -4 - -1. What is p(o)?
-2
Let n = 90 - 87. Let l(w) = w - 4 - 24*w**n + 2 + 3 + w**2 + 10*w**3. Suppose 0 = -4*h + 2 - 6. Give l(h).
15
Let x(z) = 2*z**2 + 16*z + 30. Let o be x(-5). Suppose -8 = -5*h + 4*u, o*h - 3*h + u + 9 = 0. Let m(j) = j - 3. Determine m(h).
1
Suppose 5*y - 2*j = 12, -11*y = -7*y + 8*j. Let t(g) = -2*g**3 + 3*g**2 - 1. What is t(y)?
-5
Let v(f) = -f**2 - 8*f + 6. Suppose 2*o - 3*o = -4, -3*h + 102 = 3*o. Suppose -6*l + 2*q - h = -2*l, -5*q = 2*l + 33. Determine v(l).
-3
Let j(k) = -10211 + 12*k - k**2 + 5115 + 5094. Give j(4).
30
Let d be -13 + 10/6 + (-88)/(-12). Let f(y) = y**3 - 6*y - 5. Calculate f(d).
-45
Let t(w) be the second derivative of 0 + 31*w - 1/2*w**3 + 5/2*w**2. Determine t(9).
-22
Let o(y) = y**3 - 2215*y + 2206*y - 5*y**2 + 0 + 1 - 2. Calculate o(4).
-53
Let k = -313 + 309. Let h be (18/(-12))/((-2)/k). Let s(j) be the second derivative of j**4/12 - j**3/6 - 2*j**2 + j. Calculate s(h).
8
Let j(l) = -l**3 + 8*l**2 - 6*l - 18. Suppose 0 = -296*d - 644 + 3012. Give j(d).
-66
Let h(r) = -5*r**2 - 32*r - 20. Let f(b) = 6*b - 102. Let l be f(16). What is h(l)?
-8
Let h(a) = -a**3 + 9*a**2 - 21*a + 7. Suppose -10*o + 11*o = 4, -5*t + 2*o = -17. Calculate h(t).
2
Suppose 161 + 599 = -3*t + 23*t. Let b(m) = 6*m - 223. Calculate b(t).
5
Let r(i) = 3*i + 3980 - 4035 + 2*i - 4*i. What is r(9)?
-46
Suppose l + 2*y = 13, -4*l = -8*y + 3*y - 52. Suppose 0 = -b + 4*s - l, 4*b - 4*s = -9*s - 10. Let u(w) = -w**3 - 4*w**2 + 5*w + 1. Determine u(b).
1
Let o(a) = 6*a - 47. Let g = 15091 + -15088. What is o(g)?
-29
Suppose -2*l + 5 = -5*t - 0*l, -2*t = 2*l + 16. Let k be (-2 + t + -1)/((-8)/44). Suppose -10 = k*b - 31*b. Let r(z) = -z**2 - 6*z - 4. Calculate r(b).
1
Let x(p) = -1310*p + 2610*p - 1300*p + 78 - 31 - p**2. Determine x(6).
11
Let r(j) = -j**3 - j**2 - 2*j - 2. Let z be r(0). Let x be (((-30)/9)/((-3)/(-18)))/z. Let q(h) = -h + 16. Give q(x).
6
Let j(l) = -4*l**2 + 2*l + 38. Let q be j(4). Let u(p) = p**2 + 20*p + 37. Determine u(q).
1
Let g(o) = -6*o**2 + o**3 - 6*o + 1 + 1 - 7. Let a be (-5)/((-100)/(-152) + (-6)/9). Suppose -a*u + 559*u = -77. Calculate g(u).
2
Let s(t) = -2*t + 31. Let o = 42 - 28. Let j be s(o). Let h(i) = -i**3 + 7*i**2 - 6*i**3 + 6*i + 0*i**j + 8*i**3. What is h(-6)?
0
Let q(s) = 2*s**2 + 24*s + 7. Let n = -359 - -941. Let w = 570 - n. Calculate q(w).
7
Let u(i) = 27*i**2 + 6*i + 11. Let s(t) = 7*t**2 + 4 + 3*t**2 - t**2 + 3*t - t. Let p(r) = 8*s(r) - 3*u(r). Let f = -10 + 9. Calculate p(f).
-8
Suppose -4*l - 2*x - 9 = -93, 4*l + 4*x - 92 = 0. Let c(v) = v**2 - 5*v - 7. Let h be c(8). Let a = l - h. Let k(s) = -6*s + 1. Determine k(a).
-11
Let t(v) = 20*v + 23. Let x = -8053 - -8049. Give t(x).
-57
Let h = -58 - -70. Suppose -6 = 2*l - 0*u - 4*u, 0 = -l - 3*u + h. Let f(m) = 4 + 185*m**l - 1 + 5*m + 4*m**2 - 184*m**3. Give f(-4).
-17
Let v(l) = -26*l**2 + 45*l - l**3 - 21*l + 2*l - 29. Calculate v(-27).
-2
Suppose 198*w + 960 = 78*w. Let c(x) = x**2 + 8*x + 28. What is c(w)?
28
Let k = 610 + -606. Let u(h) be the first derivative of 